{"id":8,"date":"2017-03-10T23:01:31","date_gmt":"2017-03-10T22:01:31","guid":{"rendered":"http:\/\/amadeus82.fr\/?page_id=8"},"modified":"2024-11-18T22:50:33","modified_gmt":"2024-11-18T21:50:33","slug":"a-propos-de","status":"publish","type":"page","link":"https:\/\/amadeus82.fr\/index.php\/a-propos-de\/","title":{"rendered":"Pr\u00e9sentation de l&rsquo;association"},"content":{"rendered":"<p>L\u2019association Amadeus a \u00e9t\u00e9 cr\u00e9\u00e9e en 1996 pour venir en soutien \u00e0 l\u2019Ecole Municipale de Musique de Grisolles.<\/p>\n<p>Elle a pour objet\u00a0:<\/p>\n<ul>\n<li>de faciliter la location ou l\u2019acquisition par les familles des \u00e9l\u00e8ves des instruments de musique,<\/li>\n<li>de favoriser les pratiques musicales\u00a0: ateliers, orchestres, achat de partitions\u2026,<\/li>\n<li>de contribuer \u00e0 l\u2019\u00e9panouissement artistique des \u00e9l\u00e8ves par des sorties culturelles\u00a0: concerts, conf\u00e9rences, projections\u2026,<\/li>\n<li>de faire conna\u00eetre les activit\u00e9s et contribuer au rayonnement de l\u2019Ecole Intercommunale de Musique.<\/li>\n<\/ul>\n<p>Si\u00e8ge: 20, rue Antoine de Larroque &#8211; 82170 Grisolles.<br \/>\nmail: <span style=\"color: #3366ff;\">contact@amadeus82.fr<\/span> &#8211; site: <span style=\"color: #3366ff;\">amadeus82.fr<\/span><\/p>\n<ul>\n<li>\n<h4>Pr\u00e9sentation de l&rsquo;Ecole de Musique<\/h4>\n<\/li>\n<\/ul>\n<p style=\"text-align: center;\">Olivier NICOLAS, directeur p\u00e9dagogique \u00a0mail: \u00a0 \u00a0 \u00a0<span style=\"color: #0000ff;\">direction.ecolesdemusique(at)grandsud82.fr<\/span><\/p>\n<p style=\"text-align: center;\">Administration:<\/p>\n<p style=\"text-align: center;\"><span style=\"color: #0000ff;\">administration.ecolesdemusique(at)grandsud82.fr<\/span><\/p>\n<p>L\u2019Ecole de Musique de Grisolles a \u00e9t\u00e9 cr\u00e9\u00e9e en 1989, \u00e0 l\u2019initiative de Dominique RIGAL, ancien directeur et sous l\u2019impulsion de la mairie. Au d\u00e9but simple \u00e9cole avec 2 ou 3 instruments enseign\u00e9s (fl\u00fbte, saxophone, piano), elle s\u2019est vite d\u00e9velopp\u00e9e au fil des ann\u00e9es.<\/p>\n<p>Aujourd\u2019hui on compte 14 professeurs pour 182 \u00e9l\u00e8ves, sur les deux sites de Grisolles et Villebrumier.<\/p>\n<p>Les <strong>instruments<\/strong> enseign\u00e9s actuellement \u00e0 l\u2019Ecole Intercommunale de Musique de Grisolles sont\u00a0: le piano, la guitare, la trompette, la fl\u00fbte \u00e0 bec et traversi\u00e8re, la clarinette, le saxophone, le trombone et le tuba, la batterie et la harpe. A Villebrumier, en plus du piano, de la guitare et de la batterie, on peut aussi apprendre le chant. Chaque cours d\u2019instrument dure \u00bd heure\u00a0; on peut demander \u00be d\u2019heure \u00e0 partir du 2<sup>\u00e8me<\/sup> cycle.<\/p>\n<p>En ce qui concerne les cours collectifs, on peut commencer la musique d\u00e8s qu\u2019on est en Grande Section ou en CP gr\u00e2ce \u00e0 <strong>l\u2019Eveil Musical<\/strong>. En CE1, on peut commencer le cycle de formation initiale\u00a0: <strong>solf\u00e8ge<\/strong> pendant une heure les deux 1\u00e8res ann\u00e9es, puis 1h15 les 3 derni\u00e8res ann\u00e9es. Il est \u00e0 noter que les adultes b\u00e9n\u00e9ficient de deux cours de solf\u00e8ge\u00a0: 1 pour les d\u00e9butants, 1 pour les initi\u00e9s.<\/p>\n<p>Au bout de 3 ou 4 ann\u00e9es d\u2019apprentissage, nos jeunes \u00e9l\u00e8ves peuvent int\u00e9grer <strong>l\u2019Orchestre d\u2019Harmonie<\/strong>\u00a01\u00b0 cycle. Une autre <strong>Harmonie<\/strong> existe pour les plus avanc\u00e9s. Pour ceux qui pr\u00e9f\u00e8rent le Jazz, deux orchestres leur sont r\u00e9serv\u00e9s\u00a0: le <strong>Band-2-Jazz<\/strong>, et le Jazz Orchestra Grisolles <strong>(JOG).<\/strong> Ces deux orchestres ont l\u2019occasion de jouer en dehors de l\u2019\u00e9cole.<\/p>\n<p>Depuis quelques ann\u00e9es, des\u00a0<strong>Ateliers de Musique Actuelle ont \u00e9t\u00e9 mis en place\u00a0<\/strong>, destin\u00e9 aux adolescents \u00e0 la recherche du plaisir de jouer en groupe, et de changer de r\u00e9pertoire\u2026 Cet atelier \u00a0permet de conserver les \u00e9l\u00e8ves, qui sinon partent cr\u00e9er des groupes seuls et se retrouvent sans appui professionnel.<\/p>\n<p>Le 1<sup>er<\/sup> septembre 2015, l\u2019Ecole a \u00e9t\u00e9 transf\u00e9r\u00e9e \u00e0 la Communaut\u00e9 de Communes du Territoire de Grisolles et Villebrumier (CCTGV). En janvier 2017, cette communaut\u00e9 a fusionn\u00e9 avec d\u2019autres et elles forment maintenant celle du Grand Sud Tarn et Garonne (GSTG) regroupant un territoire de 41.000 habitants.<\/p>\n<p>L\u2019Association AMADEUS, soutien de l\u2019\u00e9cole, a \u00e9t\u00e9 cr\u00e9\u00e9e en 1996, pour se d\u00e9gager de la lourdeur administrative et en \u00eatre financi\u00e8rement ind\u00e9pendante. Cela a permis \u00e0 l\u2019\u00e9cole de faire des achats comme des partitions, des instruments, du mat\u00e9riel sono, etc.<\/p>\n<p>L\u2019Association a aussi un r\u00f4le pr\u00e9pond\u00e9rant dans l\u2019\u00e9cole, puisque les \u00e9l\u00e8ves qui d\u00e9butent peuvent louer un instrument \u00e0 bas prix, voire l\u2019acqu\u00e9rir s\u2019ils souhaitent poursuivre. Cela concerne les vents, comme la clarinette, le saxophone, la trompette, le trombone ou le tuba, mais aussi la guitare. Nous avons m\u00eame une batterie\u00a0!<\/p>\n<p>Nous ne pouvons louer de gros instruments comme le piano ou la harpe, cela reste \u00e0 la charge des parents qui s\u2019adressent dans le priv\u00e9. Par contre l\u2019Association se charge d\u2019assurer tous les instruments lou\u00e9s, ainsi que ceux des particuliers qui souhaitent assurer leur instrument \u00e0 bas prix (10\u20ac par an), et pour toutes les conditions propres aux musiciens\u00a0: le transport, les d\u00e9g\u00e2ts en tous genres, et ce m\u00eame pendant les vacances.<\/p>\n<p>Mais Amadeus fait aussi un gros travail pour chacun de nos concerts\u00a0: organisation, publicit\u00e9, affichage, contact avec les journaux locaux, et la tenue de la buvette lors des concerts. Les membres sont aussi pr\u00e9sents lors de la F\u00eate de la Musique, et participent au c\u00f4t\u00e9 convivial de la soir\u00e9e autour d\u2019un pot de l\u2019amiti\u00e9\u2026<\/p>\n<p><strong>Renseignements et inscriptions<\/strong><\/p>\n<p>Vous retrouvez les informations sur le site\u00a0<a href=\"https:\/\/www.grandsud82.fr\/decouvrir-se-divertir\/culture-decouvrir-et-se-divertir\/ecoles-de-musique\/\">Site de la communaut\u00e9 de commune Grand Sud 82<\/a>.<\/p>\n","protected":false},"excerpt":{"rendered":"<p>L\u2019association Amadeus a \u00e9t\u00e9 cr\u00e9\u00e9e en 1996 pour venir en soutien \u00e0 l\u2019Ecole Municipale de Musique de Grisolles. Elle a pour objet\u00a0: de faciliter la location ou l\u2019acquisition par les familles des \u00e9l\u00e8ves des instruments de musique, de favoriser les pratiques musicales\u00a0: ateliers, orchestres, achat de partitions\u2026, de contribuer \u00e0 l\u2019\u00e9panouissement artistique des \u00e9l\u00e8ves par &hellip; <a href=\"https:\/\/amadeus82.fr\/index.php\/a-propos-de\/\" class=\"more-link\">Continuer la lecture de <span class=\"screen-reader-text\">Pr\u00e9sentation de l&rsquo;association<\/span><\/a><\/p>\n","protected":false},"author":1,"featured_media":59,"parent":0,"menu_order":0,"comment_status":"closed","ping_status":"closed","template":"","meta":{"footnotes":""},"class_list":["post-8","page","type-page","status-publish","has-post-thumbnail","hentry"],"_links":{"self":[{"href":"https:\/\/amadeus82.fr\/index.php\/wp-json\/wp\/v2\/pages\/8","targetHints":{"allow":["GET"]}}],"collection":[{"href":"https:\/\/amadeus82.fr\/index.php\/wp-json\/wp\/v2\/pages"}],"about":[{"href":"https:\/\/amadeus82.fr\/index.php\/wp-json\/wp\/v2\/types\/page"}],"author":[{"embeddable":true,"href":"https:\/\/amadeus82.fr\/index.php\/wp-json\/wp\/v2\/users\/1"}],"replies":[{"embeddable":true,"href":"https:\/\/amadeus82.fr\/index.php\/wp-json\/wp\/v2\/comments?post=8"}],"version-history":[{"count":29,"href":"https:\/\/amadeus82.fr\/index.php\/wp-json\/wp\/v2\/pages\/8\/revisions"}],"predecessor-version":[{"id":1205,"href":"https:\/\/amadeus82.fr\/index.php\/wp-json\/wp\/v2\/pages\/8\/revisions\/1205"}],"wp:featuredmedia":[{"embeddable":true,"href":"https:\/\/amadeus82.fr\/index.php\/wp-json\/wp\/v2\/media\/59"}],"wp:attachment":[{"href":"https:\/\/amadeus82.fr\/index.php\/wp-json\/wp\/v2\/media?parent=8"}],"curies":[{"name":"wp","href":"https:\/\/api.w.org\/{rel}","templated":true}]}}

Présentation de l&rsquo;association

<p>L’association Amadeus a été créée en 1996 pour venir en soutien à l’Ecole Municipale de Musique de Grisolles.</p>
<p>Elle a pour objet :</p>
<ul>
<li>de faciliter la location ou l’acquisition par les familles des élèves des instruments de musique,</li>
<li>de favoriser les pratiques musicales : ateliers, orchestres, achat de partitions…,</li>
<li>de contribuer à l’épanouissement artistique des élèves par des sorties culturelles : concerts, conférences, projections…,</li>
<li>de faire connaître les activités et contribuer au rayonnement de l’Ecole Intercommunale de Musique.</li>
</ul>
<p>Siège: 20, rue Antoine de Larroque &#8211; 82170 Grisolles.<br />
mail: <span style="color: #3366ff;">contact@amadeus82.fr</span> &#8211; site: <span style="color: #3366ff;">amadeus82.fr</span></p>
<ul>
<li>
<h4>Présentation de l&rsquo;Ecole de Musique</h4>
</li>
</ul>
<p style="text-align: center;">Olivier NICOLAS, directeur pédagogique  mail:      <span style="color: #0000ff;">direction.ecolesdemusique(at)grandsud82.fr</span></p>
<p style="text-align: center;">Administration:</p>
<p style="text-align: center;"><span style="color: #0000ff;">administration.ecolesdemusique(at)grandsud82.fr</span></p>
<p>L’Ecole de Musique de Grisolles a été créée en 1989, à l’initiative de Dominique RIGAL, ancien directeur et sous l’impulsion de la mairie. Au début simple école avec 2 ou 3 instruments enseignés (flûte, saxophone, piano), elle s’est vite développée au fil des années.</p>
<p>Aujourd’hui on compte 14 professeurs pour 182 élèves, sur les deux sites de Grisolles et Villebrumier.</p>
<p>Les <strong>instruments</strong> enseignés actuellement à l’Ecole Intercommunale de Musique de Grisolles sont : le piano, la guitare, la trompette, la flûte à bec et traversière, la clarinette, le saxophone, le trombone et le tuba, la batterie et la harpe. A Villebrumier, en plus du piano, de la guitare et de la batterie, on peut aussi apprendre le chant. Chaque cours d’instrument dure ½ heure ; on peut demander ¾ d’heure à partir du 2<sup>ème</sup> cycle.</p>
<p>En ce qui concerne les cours collectifs, on peut commencer la musique dès qu’on est en Grande Section ou en CP grâce à <strong>l’Eveil Musical</strong>. En CE1, on peut commencer le cycle de formation initiale : <strong>solfège</strong> pendant une heure les deux 1ères années, puis 1h15 les 3 dernières années. Il est à noter que les adultes bénéficient de deux cours de solfège : 1 pour les débutants, 1 pour les initiés.</p>
<p>Au bout de 3 ou 4 années d’apprentissage, nos jeunes élèves peuvent intégrer <strong>l’Orchestre d’Harmonie</strong> 1° cycle. Une autre <strong>Harmonie</strong> existe pour les plus avancés. Pour ceux qui préfèrent le Jazz, deux orchestres leur sont réservés : le <strong>Band-2-Jazz</strong>, et le Jazz Orchestra Grisolles <strong>(JOG).</strong> Ces deux orchestres ont l’occasion de jouer en dehors de l’école.</p>
<p>Depuis quelques années, des <strong>Ateliers de Musique Actuelle ont été mis en place </strong>, destiné aux adolescents à la recherche du plaisir de jouer en groupe, et de changer de répertoire… Cet atelier  permet de conserver les élèves, qui sinon partent créer des groupes seuls et se retrouvent sans appui professionnel.</p>
<p>Le 1<sup>er</sup> septembre 2015, l’Ecole a été transférée à la Communauté de Communes du Territoire de Grisolles et Villebrumier (CCTGV). En janvier 2017, cette communauté a fusionné avec d’autres et elles forment maintenant celle du Grand Sud Tarn et Garonne (GSTG) regroupant un territoire de 41.000 habitants.</p>
<p>L’Association AMADEUS, soutien de l’école, a été créée en 1996, pour se dégager de la lourdeur administrative et en être financièrement indépendante. Cela a permis à l’école de faire des achats comme des partitions, des instruments, du matériel sono, etc.</p>
<p>L’Association a aussi un rôle prépondérant dans l’école, puisque les élèves qui débutent peuvent louer un instrument à bas prix, voire l’acquérir s’ils souhaitent poursuivre. Cela concerne les vents, comme la clarinette, le saxophone, la trompette, le trombone ou le tuba, mais aussi la guitare. Nous avons même une batterie !</p>
<p>Nous ne pouvons louer de gros instruments comme le piano ou la harpe, cela reste à la charge des parents qui s’adressent dans le privé. Par contre l’Association se charge d’assurer tous les instruments loués, ainsi que ceux des particuliers qui souhaitent assurer leur instrument à bas prix (10€ par an), et pour toutes les conditions propres aux musiciens : le transport, les dégâts en tous genres, et ce même pendant les vacances.</p>
<p>Mais Amadeus fait aussi un gros travail pour chacun de nos concerts : organisation, publicité, affichage, contact avec les journaux locaux, et la tenue de la buvette lors des concerts. Les membres sont aussi présents lors de la Fête de la Musique, et participent au côté convivial de la soirée autour d’un pot de l’amitié…</p>
<p><strong>Renseignements et inscriptions</strong></p>
<p>Vous retrouvez les informations sur le site <a href="https://www.grandsud82.fr/decouvrir-se-divertir/culture-decouvrir-et-se-divertir/ecoles-de-musique/">Site de la communauté de commune Grand Sud 82</a>.</p>

<p>L’association Amadeus a été créée en 1996 pour venir en soutien à l’Ecole Municipale de Musique de Grisolles. Elle a pour objet : de faciliter la location ou l’acquisition par les familles des élèves des instruments de musique, de favoriser les pratiques musicales : ateliers, orchestres, achat de partitions…, de contribuer à l’épanouissement artistique des élèves par &hellip; <a href="https://amadeus82.fr/index.php/a-propos-de/" class="more-link">Continuer la lecture de <span class="screen-reader-text">Présentation de l&rsquo;association</span></a></p>
