{"id":7,"date":"2017-03-10T23:01:31","date_gmt":"2017-03-10T22:01:31","guid":{"rendered":"http:\/\/amadeus82.fr\/?page_id=7"},"modified":"2017-03-13T21:37:00","modified_gmt":"2017-03-13T20:37:00","slug":"accueil","status":"publish","type":"page","link":"https:\/\/amadeus82.fr\/index.php\/accueil\/","title":{"rendered":"Accueil"},"content":{"rendered":"<p>L&rsquo;association Amadeus a pour objet\u00a0:<\/p>\n<ul>\n<li>de faciliter la location ou l\u2019acquisition par les familles des \u00e9l\u00e8ves des instruments de musique,<\/li>\n<li>de favoriser les pratiques musicales\u00a0: ateliers, orchestres, achat de partitions\u2026,<\/li>\n<li>de contribuer \u00e0 l\u2019\u00e9panouissement artistique des \u00e9l\u00e8ves par des sorties culturelles\u00a0: concerts, conf\u00e9rences, projections\u2026,<\/li>\n<li>de faire conna\u00eetre les activit\u00e9s et contribuer au rayonnement de l\u2019Ecole Intercommunale de Musique.<\/li>\n<\/ul>\n","protected":false},"excerpt":{"rendered":"<p>L&rsquo;association Amadeus a pour objet\u00a0: de faciliter la location ou l\u2019acquisition par les familles des \u00e9l\u00e8ves des instruments de musique, de favoriser les pratiques musicales\u00a0: ateliers, orchestres, achat de partitions\u2026, de contribuer \u00e0 l\u2019\u00e9panouissement artistique des \u00e9l\u00e8ves par des sorties culturelles\u00a0: concerts, conf\u00e9rences, projections\u2026, de faire conna\u00eetre les activit\u00e9s et contribuer au rayonnement de l\u2019Ecole &hellip; <a href=\"https:\/\/amadeus82.fr\/index.php\/accueil\/\" class=\"more-link\">Continuer la lecture de <span class=\"screen-reader-text\">Accueil<\/span><\/a><\/p>\n","protected":false},"author":1,"featured_media":0,"parent":0,"menu_order":0,"comment_status":"closed","ping_status":"closed","template":"","meta":{"footnotes":""},"class_list":["post-7","page","type-page","status-publish","hentry"],"_links":{"self":[{"href":"https:\/\/amadeus82.fr\/index.php\/wp-json\/wp\/v2\/pages\/7","targetHints":{"allow":["GET"]}}],"collection":[{"href":"https:\/\/amadeus82.fr\/index.php\/wp-json\/wp\/v2\/pages"}],"about":[{"href":"https:\/\/amadeus82.fr\/index.php\/wp-json\/wp\/v2\/types\/page"}],"author":[{"embeddable":true,"href":"https:\/\/amadeus82.fr\/index.php\/wp-json\/wp\/v2\/users\/1"}],"replies":[{"embeddable":true,"href":"https:\/\/amadeus82.fr\/index.php\/wp-json\/wp\/v2\/comments?post=7"}],"version-history":[{"count":3,"href":"https:\/\/amadeus82.fr\/index.php\/wp-json\/wp\/v2\/pages\/7\/revisions"}],"predecessor-version":[{"id":78,"href":"https:\/\/amadeus82.fr\/index.php\/wp-json\/wp\/v2\/pages\/7\/revisions\/78"}],"wp:attachment":[{"href":"https:\/\/amadeus82.fr\/index.php\/wp-json\/wp\/v2\/media?parent=7"}],"curies":[{"name":"wp","href":"https:\/\/api.w.org\/{rel}","templated":true}]}}