{"id":45,"date":"2017-03-14T00:20:11","date_gmt":"2017-03-13T23:20:11","guid":{"rendered":"http:\/\/amadeus82.fr\/?page_id=45"},"modified":"2024-02-27T16:32:38","modified_gmt":"2024-02-27T15:32:38","slug":"orchestres","status":"publish","type":"page","link":"https:\/\/amadeus82.fr\/index.php\/orchestres\/","title":{"rendered":"Orchestres"},"content":{"rendered":"<p>La pratique musicale ne trouve tout son sens que si elle est associ\u00e9e \u00e0 une prestation publique, aussi il est bon que tout \u00e9l\u00e8ve sollicit\u00e9 participe \u00e0 la vie de l\u2019Association Amadeus au travers de ses manifestations.<\/p>\n<p>Amadeus soutient les spectacles en public pour que Harmonies, Band de Jazz ou JOG puissent se produire sur tout le territoire de la GSTG.<\/p>\n<p>Les concerts sont\u00a0organis\u00e9s dans le cadre de l\u2019Ecole Intercommunale de Musique. Amadeus agit en tant que soutien dans l\u2019organisation.<\/p>\n<p>Dirig\u00e9s par des professeurs de l&rsquo;Ecole de Musique, il\u00a0existe:<\/p>\n<ul>\n<li>quatre orchestres:<\/li>\n<\/ul>\n<p>&#8211; Harmonie Juniors et Harmonie Adultes, direction Claude LEGRAND \u00a0 \u00a0 \u00a0 \u00a0 \u00a0 \u00a0 \u00a0 \u00a0 \u00a0 \u00a0 \u00a0 \u00a0 \u00a0 ,<\/p>\n<p>&#8211; Band de Jazz et JOG (<a href=\"http:\/\/www.jazzorchestragrisolles.sitew.com\/#accueil.A\">Jazz Orchestra Grisolles<\/a>), direction Fr\u00e9d\u00e9ric COUSTOU,<\/p>\n<ul>\n<li>et des ateliers de musique d&rsquo;ensemble anim\u00e9s par J\u00e9r\u00e9my CHENU, Herv\u00e9\u00a0MANDICOURT et Alexandre MARTINS.<\/li>\n<\/ul>\n<ul>\n<li>\n<h4><b>Le JOG<\/b><\/h4>\n<\/li>\n<\/ul>\n<p>Le Jazz Orchestra Grisolles, big band \u00e9l\u00e9gant de dix neuf interpr\u00e8tes avec saxophones, trombones, trompettes, guitare, basse, piano, percussions, batterie et chanteuse, est dirig\u00e9 par le trompettiste Fr\u00e9d\u00e9ric COUSTOU.<img loading=\"lazy\" decoding=\"async\" class=\"wp-image-294 alignleft\" src=\"https:\/\/amadeus82.fr\/wp-content\/uploads\/2017\/03\/Capture-d\u2019\u00e9cran-2017-05-01-\u00e0-23.27.09.jpg\" alt=\"\" width=\"262\" height=\"196\" \/><\/p>\n<p>Ces musiciens s\u2019investissent pleinement dans leur passion pour revisiter \u00e0 grand \u00e9clat de rythmes cuivr\u00e9s et concass\u00e9s les standards ent\u00eatant des grands ensembles jazz des ann\u00e9es 40 \u00e0 60.<\/p>\n<p><img loading=\"lazy\" decoding=\"async\" class=\"wp-image-169 alignright\" src=\"https:\/\/amadeus82.fr\/wp-content\/uploads\/2017\/03\/JOG-1-300x228.jpg\" alt=\"\" width=\"375\" height=\"285\" srcset=\"https:\/\/amadeus82.fr\/wp-content\/uploads\/2017\/03\/JOG-1-300x228.jpg 300w, https:\/\/amadeus82.fr\/wp-content\/uploads\/2017\/03\/JOG-1.jpg 307w\" sizes=\"auto, (max-width: 375px) 100vw, 375px\" \/><\/p>\n<p>Autant \u00e0 l\u2019aise dans le swing que dans le latino, voire le funky, cet ensemble fait revivre un r\u00e9pertoire riche et vari\u00e9 en hommage aux grandes compositions orchestrales.<\/p>\n<p><img loading=\"lazy\" decoding=\"async\" class=\"wp-image-313 alignleft\" src=\"https:\/\/amadeus82.fr\/wp-content\/uploads\/2017\/04\/JOG-2-300x199.jpg\" alt=\"\" width=\"546\" height=\"362\" srcset=\"https:\/\/amadeus82.fr\/wp-content\/uploads\/2017\/04\/JOG-2-300x199.jpg 300w, https:\/\/amadeus82.fr\/wp-content\/uploads\/2017\/04\/JOG-2-768x509.jpg 768w, https:\/\/amadeus82.fr\/wp-content\/uploads\/2017\/04\/JOG-2-1024x678.jpg 1024w, https:\/\/amadeus82.fr\/wp-content\/uploads\/2017\/04\/JOG-2.jpg 1920w\" sizes=\"auto, (max-width: 546px) 100vw, 546px\" \/><\/p>\n<p>Un souffle tout bon tout neuf !<\/p>\n<ul>\n<li>\n<h4><strong>Band 2 Jazz<\/strong><\/h4>\n<\/li>\n<\/ul>\n<p>Il \u00e9tait une fois un petit groupe de musiciens amateurs de l&rsquo;\u00e9cole de musique de Grisolles constitu\u00e9 en 2005 dans le but d\u2019interpr\u00e9ter des musiques du monde. Au bout d&rsquo;un an, changement de chef d&rsquo;orchestre et arriv\u00e9e de Fr\u00e9d\u00e9ric Coustou \u00e0 la baguette. Son premier acte fort est d\u2019adjoindre au groupe une section rythmique compos\u00e9e d&rsquo;un piano, d&rsquo;une guitare et d&rsquo;une basse. L&rsquo;orientation \u00e9tait alors clairement donn\u00e9e\u00a0: jazz, blues, swing et latin jazz, dans le but p\u00e9dagogique d\u2019appr\u00e9hender, par la pratique, l\u2019\u00e9tendue du r\u00e9pertoire incroyablement riche et vari\u00e9 du big band.<img loading=\"lazy\" decoding=\"async\" class=\"wp-image-299 aligncenter\" src=\"https:\/\/amadeus82.fr\/wp-content\/uploads\/2017\/04\/Band2Jazz-3-300x199.jpg\" alt=\"\" width=\"550\" height=\"365\" srcset=\"https:\/\/amadeus82.fr\/wp-content\/uploads\/2017\/04\/Band2Jazz-3-300x199.jpg 300w, https:\/\/amadeus82.fr\/wp-content\/uploads\/2017\/04\/Band2Jazz-3-768x510.jpg 768w, https:\/\/amadeus82.fr\/wp-content\/uploads\/2017\/04\/Band2Jazz-3-1024x680.jpg 1024w, https:\/\/amadeus82.fr\/wp-content\/uploads\/2017\/04\/Band2Jazz-3.jpg 2000w\" sizes=\"auto, (max-width: 550px) 100vw, 550px\" \/><\/p>\n<p>Le groupe se compose d\u2019une section de trompettes, une de saxophones, une de trombones et d\u2019une section rythmique compl\u00e8te, soit un effectif compris entre 15 et 20 musiciens. La formation a trouv\u00e9 son nom d\u00e9finitif, \u00ab\u00a0Band 2 Jazz\u00a0\u00bb (B2J pour les intimes) en 2009, apr\u00e8s un important \u00ab\u00a0brain storming\u00a0\u00bb de ses membres. Au fil des ans, le staff a vari\u00e9 quelque peu, mais la plupart des membres fondateurs sont toujours l\u00e0. Le niveau monte mais l&rsquo;esprit demeure : convivialit\u00e9, s\u00e9rieux, blue note et \u2026 amiti\u00e9. Le r\u00e9pertoire est largement renouvel\u00e9 chaque ann\u00e9e \u2026 en laissant la part belle aux improvisations.<img loading=\"lazy\" decoding=\"async\" class=\"wp-image-298 alignright\" src=\"https:\/\/amadeus82.fr\/wp-content\/uploads\/2017\/04\/Band2Jazz-2-300x199.jpg\" alt=\"\" width=\"550\" height=\"365\" srcset=\"https:\/\/amadeus82.fr\/wp-content\/uploads\/2017\/04\/Band2Jazz-2-300x199.jpg 300w, https:\/\/amadeus82.fr\/wp-content\/uploads\/2017\/04\/Band2Jazz-2-768x510.jpg 768w, https:\/\/amadeus82.fr\/wp-content\/uploads\/2017\/04\/Band2Jazz-2-1024x680.jpg 1024w, https:\/\/amadeus82.fr\/wp-content\/uploads\/2017\/04\/Band2Jazz-2.jpg 2000w\" sizes=\"auto, (max-width: 550px) 100vw, 550px\" \/><\/p>\n<p>\u00c0 son actif, B2J a accompagn\u00e9 la naissance du Festival d&rsquo;Automne d\u2019Ondes (31), s&rsquo;est produit entre autres au festival Week End Doux de Grisolles, \u00e0 Marignac Lasclares (31), au festival de Corbarieu (82), au ch\u00e2teau de Bruniquel (82), \u00e0 St Nicolas de la Grave et assure r\u00e9guli\u00e8rement des animations musicales dans sa bonne ville de Grisolles (concert de No\u00ebl, f\u00eate de la musique, concert sur la place, etc).<\/p>\n<ul>\n<li>\n<h4><strong>Les Harmonies\u00a0<\/strong><\/h4>\n<\/li>\n<\/ul>\n<p>L&rsquo;Ecole de Musique de Grisolles compte deux harmonies,<\/p>\n<p><strong>Qu&rsquo;est ce qu&rsquo;une harmonie ?<\/strong><\/p>\n<p>On appelle harmonie un ensemble musical exclusivement ou tr\u00e8s essentiellement, constitu\u00e9 d&rsquo;instruments \u00e0 vent : bois et cuivres. G\u00e9n\u00e9ralement, cet ensemble est compl\u00e9t\u00e9 par une rythmique.<\/p>\n<p>Le r\u00e9pertoire d&rsquo;une harmonie est tr\u00e8s vari\u00e9, de nombreux compositeurs ayant \u00e9crit pour les harmonies et nombre d&rsquo;arrangements ont \u00e9t\u00e9 r\u00e9alis\u00e9s pour ces formations.<\/p>\n<p>Les \u0153uvres interpr\u00e9t\u00e9es par les harmonies appartiennent aux r\u00e9pertoires de la musique militaire, la musique classique, les op\u00e9ras, les concerti, le jazz, les musiques de film et m\u00eame les musiques les plus modernes.<\/p>\n<p>Les instruments composant une harmonie sont tr\u00e8s nombreux :<\/p>\n<p>&#8211; les bois : hautbois, bassons, fl\u00fbtes traversi\u00e8res, clarinettes (mi-b\u00e9mol, si-b\u00e9mol, basse), saxophones (soprano, alto, t\u00e9nor, baryton),<\/p>\n<p>&#8211; les cuivres : trompettes, cornets, bugles, cors, trombones, euphoniums, tubas,<\/p>\n<p>&#8211; la rythmique: percussions, batterie, timbales, xylophone.<\/p>\n<p><strong>L&rsquo;Harmonie Adultes<\/strong><\/p>\n<p>L&rsquo;Harmonie Adultes r\u00e9unit une vingtaine de musiciens. Son r\u00e9pertoire est vari\u00e9\u00a0: musiques de films, classique, jazz, tangos, airs modernes, etc\u2026<\/p>\n<p>Cette harmonie participe \u00e0 la vie de la commune de Grisolles par sa pr\u00e9sence aux concerts de No\u00ebl et de la F\u00eate de la Musique, entre autres.<\/p>\n<p>Des rencontres musicales avec d&rsquo;autres harmonies ont \u00e9t\u00e9 r\u00e9alis\u00e9es, comme par exemple celle avec l&rsquo;Harmonie du Frontonnais en 2015 pour une cause humanitaire ou celle avec l&rsquo;Harmonie de Montech en 2016.<img loading=\"lazy\" decoding=\"async\" class=\" wp-image-432 aligncenter\" src=\"https:\/\/amadeus82.fr\/wp-content\/uploads\/2017\/03\/aledbmcghfbfcekg-300x78.jpg\" alt=\"\" width=\"523\" height=\"136\" srcset=\"https:\/\/amadeus82.fr\/wp-content\/uploads\/2017\/03\/aledbmcghfbfcekg-300x78.jpg 300w, https:\/\/amadeus82.fr\/wp-content\/uploads\/2017\/03\/aledbmcghfbfcekg.jpg 605w\" sizes=\"auto, (max-width: 523px) 100vw, 523px\" \/><\/p>\n<p style=\"text-align: center;\">Concert Grisolles \u2013 Montech 2016<\/p>\n<p>L&rsquo;Harmonie Adultes recrute des musiciens de tous niveaux, jouant de tout instrument pour harmonie.<\/p>\n<p><strong>L&rsquo;Harmonie Juniors<\/strong><\/p>\n<p>Plus r\u00e9cente que l&rsquo;Harmonie Adultes, l&rsquo;Harmonie Juniors a pour vocation de permettre \u00e0 de jeunes \u00e9l\u00e8ves de l&rsquo;Ecole de Musique de s&rsquo;initier au r\u00e9pertoire d&rsquo;harmonie au plus t\u00f4t, afin qu&rsquo;ils puissent appr\u00e9hender l&rsquo;apprentissage de l&rsquo;orchestre, tout en int\u00e9grant un niveau apte \u00e0 d\u00e9velopper leur int\u00e9r\u00eat pour ce type de formation.<\/p>\n<ul>\n<li>\n<h4>Musique Actuelle<\/h4>\n<\/li>\n<\/ul>\n<div class=\"page\" title=\"Page 1\">\n<div class=\"layoutArea\">\n<div class=\"column\">\n<p>L&rsquo;Ecole de Musique de Grisolles propose depuis 3 ans une pratique collective ax\u00e9e sur la musique actuelle dans le registre pop, rock et autres.<\/p>\n<p>Les professeurs de cette discipline, J\u00e9r\u00e9my CHENU, Herv\u00e9 MANDICOURT et Alexandre MARTINS, concentrent leur travail avec leurs \u00e9l\u00e8ves autour de l&rsquo;\u00e9coute, l&rsquo;arrangement, l&rsquo;interpr\u00e9tation, ainsi que l&rsquo;aspect sc\u00e9nique et la coh\u00e9sion au sein d&rsquo;une formation dite de \u00ab groupe \u00bb.<\/p>\n<p>Au terme de ces r\u00e9p\u00e9titions seront organis\u00e9s des concerts et autres manifestations afin de permettre aux \u00e9l\u00e8ves de pr\u00e9senter leurs morceaux.<\/p>\n<\/div>\n<\/div>\n<\/div>\n","protected":false},"excerpt":{"rendered":"<p>La pratique musicale ne trouve tout son sens que si elle est associ\u00e9e \u00e0 une prestation publique, aussi il est bon que tout \u00e9l\u00e8ve sollicit\u00e9 participe \u00e0 la vie de l\u2019Association Amadeus au travers de ses manifestations. Amadeus soutient les spectacles en public pour que Harmonies, Band de Jazz ou JOG puissent se produire sur &hellip; <a href=\"https:\/\/amadeus82.fr\/index.php\/orchestres\/\" class=\"more-link\">Continuer la lecture de <span class=\"screen-reader-text\">Orchestres<\/span><\/a><\/p>\n","protected":false},"author":1,"featured_media":0,"parent":0,"menu_order":0,"comment_status":"closed","ping_status":"closed","template":"","meta":{"footnotes":""},"class_list":["post-45","page","type-page","status-publish","hentry"],"_links":{"self":[{"href":"https:\/\/amadeus82.fr\/index.php\/wp-json\/wp\/v2\/pages\/45","targetHints":{"allow":["GET"]}}],"collection":[{"href":"https:\/\/amadeus82.fr\/index.php\/wp-json\/wp\/v2\/pages"}],"about":[{"href":"https:\/\/amadeus82.fr\/index.php\/wp-json\/wp\/v2\/types\/page"}],"author":[{"embeddable":true,"href":"https:\/\/amadeus82.fr\/index.php\/wp-json\/wp\/v2\/users\/1"}],"replies":[{"embeddable":true,"href":"https:\/\/amadeus82.fr\/index.php\/wp-json\/wp\/v2\/comments?post=45"}],"version-history":[{"count":25,"href":"https:\/\/amadeus82.fr\/index.php\/wp-json\/wp\/v2\/pages\/45\/revisions"}],"predecessor-version":[{"id":1159,"href":"https:\/\/amadeus82.fr\/index.php\/wp-json\/wp\/v2\/pages\/45\/revisions\/1159"}],"wp:attachment":[{"href":"https:\/\/amadeus82.fr\/index.php\/wp-json\/wp\/v2\/media?parent=45"}],"curies":[{"name":"wp","href":"https:\/\/api.w.org\/{rel}","templated":true}]}}